ose -1221 - 107 = -16*u. Calculate the remainder when 392 is divided by u.
60
Let h be (1 - 6/(-3)) + -13. Let m be 1*(2/h)/(8/(-40)). Suppose 88 = q - m. What is the remainder when q is divided by 30?
29
Let l(n) = 25*n + 845. Let a = 84 + 2. Calculate the remainder when a is divided by l(-32).
41
Suppose 0 = 7*l - 40 - 23. Suppose -230 = -4*t + p, 4*p - 171 = -4*t + 49. Let h = 72 - t. Calculate the remainder when h is divided by l.
6
Suppose -6*o + 11*o + 3*b = 137, -b = 4*o - 104. Suppose 19 = 11*l - o. Suppose -l*j + 76 = -2*j. Calculate the remainder when j is divided by 21.
17
Suppose 3*v - 3*h - 495 = 0, 51*h = 4*v + 48*h - 658. What is the remainder when 511 is divided by v?
22
Suppose 2*q + 15*a - 10*a = 48, 3*a = 4*q - 44. Let d(w) = -w + 24. What is the remainder when 33 is divided by d(q)?
3
Suppose -2*k + 28 = 4*p, -3*p - 12*k = -15*k - 39. What is the remainder when 2/(-10) - 141/(-5) is divided by p?
1
Calculate the remainder when 205 is divided by (-3)/(-9) - 8086/(-78).
101
Calculate the remainder when (-99)/165*(-177630)/18 is divided by 63.
62
Suppose -1056 = -38*r + 5898. Suppose 4*l - 3*s = 187, -s + 2*s + 93 = 2*l. What is the remainder when r is divided by l?
45
Calculate the remainder when ((-15)/(-18))/(-5)*(-10194 - 0) is divided by 89.
8
Let g(b) be the first derivative of -b**3/3 - 11*b**2 - 75*b - 171. Calculate the remainder when 102 is divided by g(-14).
28
Let u = 128 - 43. Suppose 2*a + 5*s - 60 = 0, -a = 5*s + 22 - 52. Calculate the remainder when u is divided by a.
25
Let h = -45 - -100. Suppose -35 = -30*y + 31*y. Let u = 49 + y. Calculate the remainder when h is divided by u.
13
Suppose 18*a - 14*a - 4 = 0, 8*g - 195 = 5*a. Calculate the remainder when 140 is divided by g.
15
Let y(b) = -3*b - 41. Let k be y(-15). Calculate the remainder when 338 is divided by (-1 + k)/(-2 - (-246)/114).
15
Suppose 263 = 2*a - 53*y + 58*y, 4*y - 264 = -2*a. Suppose 0 = 4*v, 3*p + 12*v - 129 = 9*v. Calculate the remainder when a is divided by p.
5
Suppose -4 = -3*t + t, 2*g - 2*t + 570 = 0. Let y = g + 331. Calculate the remainder when 107 is divided by y.
11
Let x(q) = -q**3 - 16*q**2 - 14*q + 21. Suppose -32 = 3*f - 108 + 40. What is the remainder when f is divided by x(-15)?
0
Suppose 0 = 4*r - 16, -57*a + 2*r = -56*a - 32. What is the remainder when 1134 is divided by a?
14
Let c(p) = -33*p + 1. Let u be (((-9)/(-27))/(2/6))/(-1). Let g(i) = -19*i**3 + i**2 + 3*i + 2. What is the remainder when c(-1) is divided by g(u)?
15
Suppose 4*g = 4*z - 18488, 370*z + 4616 = 371*z - 4*g. Calculate the remainder when z is divided by 272.
0
Let h(w) = -33*w - 1800. Calculate the remainder when 2598 is divided by h(-55).
3
Let s(x) be the third derivative of x**5/60 - 7*x**4/24 + 4*x**3 - 3*x**2 - 2*x. Calculate the remainder when s(-8) is divided by 37.
33
Let o(l) = l**2 - 24*l - 60. What is the remainder when 1036 is divided by o(-4)?
48
Suppose -27*z - 9*z = 4676 - 4928. What is the remainder when 1111 is divided by z?
5
Suppose 0 = 3*l - 33 - 9. Calculate the remainder when 34 - ((-4)/l + 105/(-147)) is divided by 18.
17
Suppose 46*m = 58*m - 48. Suppose 16 = m*i, 5*d + i - 615 = 494. Calculate the remainder when d is divided by 28.
25
Let q = -32325 + 35913. What is the remainder when q is divided by 19?
16
Let p = 2718 + -2632. Calculate the remainder when 201 is divided by p.
29
Let r(y) = -4*y + 50. Let b be r(12). Suppose 5*m + 16*o = 15*o + 39, -b*m - 5*o = -34. What is the remainder when 115 is divided by m?
3
Let h be 13/(-2)*(240/5)/8. Let o = h + -1. What is the remainder when 46 is divided by 5 + 3*o/(-6)?
21
Let m = -15154 + 15175. What is the remainder when 221 is divided by m?
11
Let b = 4388 - 4238. What is the remainder when b is divided by 7?
3
Suppose -4*x + 17 = 5*c - 35, -2*c + 5*x = -1. Suppose -c*g + 85 = -67. Calculate the remainder when g is divided by 3.
1
Suppose 55*z - 7*z - 7315 = 13*z. What is the remainder when z is divided by 201?
8
Let g(x) = 7*x - 1. Let r(c) = c**3 - 28*c**2 - c + 164. Let s be r(28). Let p = s - 104. Calculate the remainder when p is divided by g(3).
12
Let s(o) be the second derivative of -54*o**5/5 - o**4/12 + o**3/6 - o**2/2 - 22*o. Let d = 59 - 32. What is the remainder when s(-1) is divided by d?
24
Let u be -6 - (-79 + 30/(-6)). Suppose 72 = u*r - 75*r. What is the remainder when r is divided by 16?
8
Let v = 8792 - 8615. What is the remainder when 667 is divided by v?
136
Let s(c) = c**2. Let w be s(0). Suppose 5*z - 2*f - 522 = w, -4*z + 0*f - 2*f = -432. Let o = -76 + z. What is the remainder when o is divided by 17?
13
Suppose 5*s - 18 = 137. Suppose 0 = 482*u - 494*u + 204. What is the remainder when s is divided by u?
14
Suppose 5*u + 26*t - 916 = 30*t, 352 = 2*u - 4*t. Calculate the remainder when u is divided by 24.
20
Let l(t) = t**2 + 43*t + 440. Calculate the remainder when 310 is divided by l(-35).
150
Let u = -119 + 140. Suppose -3*s = 5*s. What is the remainder when 32 is divided by u + 3 + s + (-3)/1?
11
Let f be ((-204)/(-32)*2)/((-3)/(-208)). Suppose -880*w = -f*w + 976. What is the remainder when w is divided by 6?
4
Let c = 204 - 214. Calculate the remainder when 205 is divided by 4 + 90/c + (1 - -30).
23
Let l = -31665 - -31675. Let z = 240 + -145. Let y = z + -57. Calculate the remainder when y is divided by l.
8
Let m(c) = 9*c - 10. Let p be m(2). Let r(g) = 11*g + 3. Let j be r(-3). Let l = p - j. Calculate the remainder when l is divided by 14.
10
Calculate the remainder when 1438 is divided by 47 - (48 + -14 + -12).
13
Let l(z) = 2*z**3 + 6*z**2. Let g be l(-3). Suppose -5*x + 292 - 27 = g. Let q = 28 - 12. Calculate the remainder when x is divided by q.
5
Let g(n) = -2*n - 12. Let a be (4/(-12))/(2 - 1470/738). Calculate the remainder when g(a) is divided by 25.
20
Suppose -2389 = 10*j - 11599. Suppose -4*c - 3*h - j = 0, -2*h + 3*h = -4*c - 915. Let f = c + 325. Calculate the remainder when f is divided by 25.
22
Suppose r + 6*q - 515 = 9*q, r - 5*q = 505. What is the remainder when r is divided by 172?
14
Suppose 19 = -6*t + 139. Let j(y) = y**3 + 21*y**2 - 27*y - 53. What is the remainder when j(-22) is divided by t?
17
Let y = -143 - -189. Suppose -5*x + y = -19. Calculate the remainder when 75 is divided by x.
10
Suppose 0 = -20*h + 17*h - 84 + 261. Calculate the remainder when 1002 is divided by h.
58
Suppose 52 = 4*w - 100. Suppose 5*q = 3576 - 406. Let x = 654 - q. Calculate the remainder when w is divided by x.
18
Let w = 25 + -37. Let y = 20 + w. Calculate the remainder when y is divided by (-1242)/45 + 28 - 7/(-10)*8.
2
Let v be ((-15)/(-2))/(2/(-12)). What is the remainder when (-9 + 3)/(185/v + 4) is divided by 30?
24
Suppose -67*t + 54*t + 1588384 = 43*t. Calculate the remainder when t is divided by 183.
182
Let t(g) = g**2 + 41*g + 96. What is the remainder when (15/(-15))/(2 - (-369)/(-183)) is divided by t(-39)?
7
Let i be 3/1 - (-3)/(15/(-25)). What is the remainder when (-130)/(-25)*(i + -118)/(-4) is divided by 40?
36
Let j = 3581 - 2771. What is the remainder when 813 is divided by j?
3
Suppose -2805*y - 4114 = -2839*y. Calculate the remainder when y is divided by 45.
31
Suppose -45617 - 283 = -30*g. Suppose -t - g = 2*w - 7*w, 0 = w - 3*t - 306. Calculate the remainder when w is divided by 22.
20
Let q = -538 + 915. Let i = -259 + 335. Calculate the remainder when q is divided by i.
73
Suppose 0 = -2*k + 6*k - 8. Suppose f = k*f - 199. Let i = -2 + f. Calculate the remainder when i is divided by 25.
22
Suppose 19*p = 29*p - 120. Suppose 0 = -4*x - p, -26*z + 21*z + 4*x = -87. Calculate the remainder when 253 is divided by z.
13
Suppose -2*g + 670 = 8*g. Let q = 76 - g. Calculate the remainder when 17 is divided by q.
8
Let i = -352616 + 353115. What is the remainder when i is divided by 20/3*(13 + 2)?
99
Let p(r) = 3*r**3 - 26*r**2 + 48*r + 175. Calculate the remainder when p(9) is divided by 192.
112
Calculate the remainder when (-46508)/(-110) + 24/(-30) is divided by 73.
57
Let v be -2 + 5 + 12 + -7. Suppose v*o - 15*o - 3178 = 0. What is the remainder when 44 is divided by 12/(-90) + o/(-30)?
14
Suppose 3*i - 7*z - 15474 = 0, -10339 = -111*i + 109*i - 3*z. What is the remainder when i is divided by 22?
17
Let k(m) =